{"id":7207,"date":"2021-07-14T02:54:30","date_gmt":"2021-07-14T02:54:30","guid":{"rendered":"https:\/\/luxaesthetika.com\/?page_id=7207"},"modified":"2024-03-30T15:35:22","modified_gmt":"2024-03-30T15:35:22","slug":"exfoliacion-ultrasonica-en-miami-fl","status":"publish","type":"page","link":"https:\/\/luxaesthetika.com\/es\/exfoliacion-ultrasonica-en-miami-fl\/","title":{"rendered":"Exfoliaci\u00f3n ultras\u00f3nica en Miami fl"},"content":{"rendered":"\n<h2 class=\"wp-block-heading\">LIMPIEZA FACIAL ULTRAS\u00d3NICA<\/h2>\n\n\n\n<p>Se trata de un procedimiento para eliminar suavemente el estrato c\u00f3rneo muerto de la piel del rostro: un exfoliante ultras\u00f3nico.<\/p>\n\n\n\n<p>La onda ultras\u00f3nica es capaz de activar el anabolismo y el catabolismo (proporcionar una renovaci\u00f3n constante de los tejidos) en la piel.<\/p>\n\n\n\n<h3 class=\"wp-block-heading\">LIMPIEZA FACIAL ULTRAS\u00d3NICA EFECTOS POSITIVOS:<\/h3>\n\n\n\n<ul class=\"wp-block-list\">\n<li>Restauraci\u00f3n de las zonas da\u00f1adas del rostro<\/li>\n\n\n\n<li>reducci\u00f3n de la inflamaci\u00f3n local<\/li>\n\n\n\n<li>estimulaci\u00f3n de la s\u00edntesis proteica intracelular<\/li>\n\n\n\n<li>Esto se ve facilitado por el calentamiento interno del tejido.<\/li>\n\n\n\n<li>Hay una mejora de los mecanismos de protecci\u00f3n inmunol\u00f3gica.<\/li>\n\n\n\n<li>Se ampl\u00edan las propiedades antis\u00e9pticas de la piel.<\/li>\n\n\n\n<li>Se activan la circulaci\u00f3n sangu\u00ednea y el flujo linf\u00e1tico.<\/li>\n\n\n\n<li>Acelera la producci\u00f3n de col\u00e1geno y elastina.<\/li>\n<\/ul>\n\n\n\n<p>La limpieza ultras\u00f3nica no s\u00f3lo restaura y cicatriza, sino que tambi\u00e9n presenta grandes ventajas frente a los m\u00e9todos qu\u00edmicos y mec\u00e1nicos de limpieza facial.<\/p>\n\n\n\n<h2 class=\"wp-block-heading\">VENTAJAS Y CARACTER\u00cdSTICAS DE LA LIMPIEZA POR ULTRASONIDOS:<\/h2>\n\n\n\n<ul class=\"wp-block-list\">\n<li>la dermis no est\u00e1 sometida a estiramientos ni compresiones;<\/li>\n\n\n\n<li>no se viola la integridad de las capas superiores de la epidermis;<\/li>\n\n\n\n<li>se exfolian las c\u00e9lulas viejas e innecesarias.<\/li>\n<\/ul>\n\n\n\n<p>El procedimiento se ha hecho muy popular, ya que es eficaz para quienes desean mejorar el aspecto del rostro de forma r\u00e1pida e indolora.<\/p>\n\n\n\n<h3 class=\"wp-block-heading\">La limpieza por ultrasonidos ayudar\u00e1 a eliminar estos problemas:<\/h3>\n\n\n\n<ul class=\"wp-block-list\">\n<li>poros sucios y puntos negros;<\/li>\n\n\n\n<li>c\u00e9lulas muertas y queratinizaci\u00f3n;<\/li>\n\n\n\n<li>exceso de sebo;<\/li>\n\n\n\n<li>color apagado;<\/li>\n\n\n\n<li>tono de piel reducido.<\/li>\n<\/ul>\n\n\n\n<p><br>limpieza \u2013 durante el procedimiento, tiene lugar un ligero micromasaje de la piel \u2013 se nivela su microrrelieve y adquiere suavidad, aspecto cuidado y radiante.<\/p>\n\n\n\n<p>La limpieza ultras\u00f3nica no est\u00e1 dise\u00f1ada para eliminar los tapones seb\u00e1ceos densos y profundos, para lo que se requiere una limpieza mec\u00e1nica.<\/p>\n\n\n\n<p>No se requiere preparaci\u00f3n para el procedimiento.<\/p>\n\n\n\n<h3 class=\"wp-block-heading\">C\u00f3mo funciona la limpieza facial por ultrasonidos pasos:<\/h3>\n\n\n\n<ul class=\"wp-block-list\">\n<li>Desmaquillante y desinfectante de la piel.<\/li>\n\n\n\n<li>Limpieza con un estropajo.<\/li>\n\n\n\n<li>Ablandamiento de la piel con hidrogenaci\u00f3n en fr\u00edo.<\/li>\n\n\n\n<li>Limpieza por ultrasonidos.<\/li>\n\n\n\n<li>Aplicar una mascarilla calmante.<\/li>\n\n\n\n<li>Aplicar la crema seg\u00fan el tipo de piel.<\/li>\n<\/ul>\n\n\n\n<p><br>La duraci\u00f3n del procedimiento indoloro es de 40-50 minutos, y la limpieza ecogr\u00e1fica en s\u00ed no dura m\u00e1s de 15 minutos.<\/p>\n\n\n\n<p>Para lograr el resultado deseado, se necesitan de 4 a 8 sesiones 1 vez en 2 semanas.<\/p>\n\n\n\n<h3 class=\"wp-block-heading\">\u00bfCu\u00e1ndo es absolutamente necesario el procedimiento?<\/h3>\n\n\n\n<ul class=\"wp-block-list\">\n<li>La limpieza por ultrasonidos es muy popular en verano. Es una gran alternativa al peeling qu\u00edmico suave en la estaci\u00f3n soleada.<\/li>\n\n\n\n<li>Si los peelings qu\u00edmicos est\u00e1n contraindicados para usted.<\/li>\n\n\n\n<li>Si antes de eventos importantes en tu vida quieres lucir al 100%, para que tu piel luzca m\u00e1s fresca, y tu maquillaje vaya m\u00e1s suave.<\/li>\n<\/ul>\n\n\n\n<h3 class=\"wp-block-heading\"><br>CONTRAINDICACIONES DE LA LIMPIEZA POR ULTRASONIDOS:<\/h3>\n\n\n\n<ul class=\"wp-block-list\">\n<li>la presencia de herpes, eczema, dermatitis;<\/li>\n\n\n\n<li>neuralgia del trig\u00e9mino;<\/li>\n\n\n\n<li>embarazo;<\/li>\n\n\n\n<li>oncolog\u00eda;<\/li>\n\n\n\n<li>eczema.<\/li>\n<\/ul>\n","protected":false},"excerpt":{"rendered":"<p>LIMPIEZA FACIAL ULTRAS\u00d3NICA Se trata de un procedimiento para eliminar suavemente el estrato c\u00f3rneo muerto de la piel del rostro: un exfoliante ultras\u00f3nico. La onda ultras\u00f3nica es capaz de activar el anabolismo y el catabolismo (proporcionar una renovaci\u00f3n constante de los tejidos) en la piel. LIMPIEZA FACIAL ULTRAS\u00d3NICA EFECTOS POSITIVOS: La limpieza ultras\u00f3nica no s\u00f3lo [&hellip;]<\/p>\n","protected":false},"author":1,"featured_media":0,"parent":0,"menu_order":0,"comment_status":"closed","ping_status":"closed","template":"","meta":{"_eb_attr":"","footnotes":""},"class_list":["post-7207","page","type-page","status-publish","hentry"],"_links":{"self":[{"href":"https:\/\/luxaesthetika.com\/es\/wp-json\/wp\/v2\/pages\/7207","targetHints":{"allow":["GET"]}}],"collection":[{"href":"https:\/\/luxaesthetika.com\/es\/wp-json\/wp\/v2\/pages"}],"about":[{"href":"https:\/\/luxaesthetika.com\/es\/wp-json\/wp\/v2\/types\/page"}],"author":[{"embeddable":true,"href":"https:\/\/luxaesthetika.com\/es\/wp-json\/wp\/v2\/users\/1"}],"replies":[{"embeddable":true,"href":"https:\/\/luxaesthetika.com\/es\/wp-json\/wp\/v2\/comments?post=7207"}],"version-history":[{"count":1,"href":"https:\/\/luxaesthetika.com\/es\/wp-json\/wp\/v2\/pages\/7207\/revisions"}],"predecessor-version":[{"id":7208,"href":"https:\/\/luxaesthetika.com\/es\/wp-json\/wp\/v2\/pages\/7207\/revisions\/7208"}],"wp:attachment":[{"href":"https:\/\/luxaesthetika.com\/es\/wp-json\/wp\/v2\/media?parent=7207"}],"curies":[{"name":"wp","href":"https:\/\/api.w.org\/{rel}","templated":true}]}}

Exfoliación ultrasónica en Miami fl

<h2 class="wp-block-heading">LIMPIEZA FACIAL ULTRASÓNICA</h2>



<p>Se trata de un procedimiento para eliminar suavemente el estrato córneo muerto de la piel del rostro: un exfoliante ultrasónico.</p>



<p>La onda ultrasónica es capaz de activar el anabolismo y el catabolismo (proporcionar una renovación constante de los tejidos) en la piel.</p>



<h3 class="wp-block-heading">LIMPIEZA FACIAL ULTRASÓNICA EFECTOS POSITIVOS:</h3>



<ul class="wp-block-list">
<li>Restauración de las zonas dañadas del rostro</li>



<li>reducción de la inflamación local</li>



<li>estimulación de la síntesis proteica intracelular</li>



<li>Esto se ve facilitado por el calentamiento interno del tejido.</li>



<li>Hay una mejora de los mecanismos de protección inmunológica.</li>



<li>Se amplían las propiedades antisépticas de la piel.</li>



<li>Se activan la circulación sanguínea y el flujo linfático.</li>



<li>Acelera la producción de colágeno y elastina.</li>
</ul>



<p>La limpieza ultrasónica no sólo restaura y cicatriza, sino que también presenta grandes ventajas frente a los métodos químicos y mecánicos de limpieza facial.</p>



<h2 class="wp-block-heading">VENTAJAS Y CARACTERÍSTICAS DE LA LIMPIEZA POR ULTRASONIDOS:</h2>



<ul class="wp-block-list">
<li>la dermis no está sometida a estiramientos ni compresiones;</li>



<li>no se viola la integridad de las capas superiores de la epidermis;</li>



<li>se exfolian las células viejas e innecesarias.</li>
</ul>



<p>El procedimiento se ha hecho muy popular, ya que es eficaz para quienes desean mejorar el aspecto del rostro de forma rápida e indolora.</p>



<h3 class="wp-block-heading">La limpieza por ultrasonidos ayudará a eliminar estos problemas:</h3>



<ul class="wp-block-list">
<li>poros sucios y puntos negros;</li>



<li>células muertas y queratinización;</li>



<li>exceso de sebo;</li>



<li>color apagado;</li>



<li>tono de piel reducido.</li>
</ul>



<p><br>limpieza – durante el procedimiento, tiene lugar un ligero micromasaje de la piel – se nivela su microrrelieve y adquiere suavidad, aspecto cuidado y radiante.</p>



<p>La limpieza ultrasónica no está diseñada para eliminar los tapones sebáceos densos y profundos, para lo que se requiere una limpieza mecánica.</p>



<p>No se requiere preparación para el procedimiento.</p>



<h3 class="wp-block-heading">Cómo funciona la limpieza facial por ultrasonidos pasos:</h3>



<ul class="wp-block-list">
<li>Desmaquillante y desinfectante de la piel.</li>



<li>Limpieza con un estropajo.</li>



<li>Ablandamiento de la piel con hidrogenación en frío.</li>



<li>Limpieza por ultrasonidos.</li>



<li>Aplicar una mascarilla calmante.</li>



<li>Aplicar la crema según el tipo de piel.</li>
</ul>



<p><br>La duración del procedimiento indoloro es de 40-50 minutos, y la limpieza ecográfica en sí no dura más de 15 minutos.</p>



<p>Para lograr el resultado deseado, se necesitan de 4 a 8 sesiones 1 vez en 2 semanas.</p>



<h3 class="wp-block-heading">¿Cuándo es absolutamente necesario el procedimiento?</h3>



<ul class="wp-block-list">
<li>La limpieza por ultrasonidos es muy popular en verano. Es una gran alternativa al peeling químico suave en la estación soleada.</li>



<li>Si los peelings químicos están contraindicados para usted.</li>



<li>Si antes de eventos importantes en tu vida quieres lucir al 100%, para que tu piel luzca más fresca, y tu maquillaje vaya más suave.</li>
</ul>



<h3 class="wp-block-heading"><br>CONTRAINDICACIONES DE LA LIMPIEZA POR ULTRASONIDOS:</h3>



<ul class="wp-block-list">
<li>la presencia de herpes, eczema, dermatitis;</li>



<li>neuralgia del trigémino;</li>



<li>embarazo;</li>



<li>oncología;</li>



<li>eczema.</li>
</ul>

<p>LIMPIEZA FACIAL ULTRASÓNICA Se trata de un procedimiento para eliminar suavemente el estrato córneo muerto de la piel del rostro: un exfoliante ultrasónico. La onda ultrasónica es capaz de activar el anabolismo y el catabolismo (proporcionar una renovación constante de los tejidos) en la piel. LIMPIEZA FACIAL ULTRASÓNICA EFECTOS POSITIVOS: La limpieza ultrasónica no sólo [&hellip;]</p>
